 14) to base 4
22120301
What is -916 (base 12) in base 6?
-10030
What is 1647 (base 12) in base 9?
3561
Convert 4874 (base 12) to base 11.
6141
Convert -367 (base 13) to base 12.
-414
Convert 16965 (base 13) to base 15.
cc9c
What is -cbd (base 16) in base 8?
-6275
What is 1539 (base 10) in base 3?
2010000
What is 4433 (base 7) in base 13?
956
5715 (base 9) to base 4
1002002
What is -102 (base 14) in base 10?
-198
2694 (base 13) to base 16
1599
Convert 3812 (base 15) to base 8.
27246
Convert 12139 (base 11) to base 7.
101631
-2c1 (base 14) to base 16
-231
-1321a (base 13) to base 5
-2114023
101011011 (base 2) to base 9
425
Convert -1313 (base 8) to base 12.
-4b7
-2635 (base 7) to base 16
-3ee
Convert -1213 (base 5) to base 16.
-b7
What is -31943 (base 13) in base 7?
-521543
Convert 5a5 (base 14) to base 13.
687
What is 2101 (base 10) in base 5?
31401
Convert 3408 (base 9) to base 8.
4727
Convert -2112111212 (base 3) to base 2.
-1100001100011010
Convert 10666 (base 7) to base 2.
101010110111
Convert -123220 (base 4) to base 8.
-3350
What is 3386 (base 9) in base 13?
11ac
-110021 (base 4) to base 7
-3521
Convert 595 (base 11) to base 6.
3141
Convert -900 (base 11) to base 4.
-101001
-2876 (base 12) to base 2
-1001001011010
-1432 (base 7) to base 16
-232
What is 12855 (base 9) in base 14?
3269
-1312330 (base 4) to base 12
-44a4
413 (base 15) to base 6
4130
What is 1d1b (base 16) in base 3?
101012222
1233030 (base 4) to base 14
2844
What is 38ec (base 16) in base 15?
44b7
9709 (base 10) to base 13
455b
Convert 1100011100101111 (base 2) to base 13.
1a295
Convert -b8b (base 15) to base 13.
-1256
What is 7c4 (base 14) in base 13?
91a
Convert -5224 (base 9) to base 2.
-111011110101
Convert 148 (base 16) to base 8.
510
-234111 (base 5) to base 12
-5014
What is -17c (base 16) in base 13?
-233
Convert -202100 (base 3) to base 11.
-45a
-10253 (base 6) to base 4
-111321
What is -13 (base 4) in base 10?
-7
Convert 644 (base 10) to base 8.
1204
10332 (base 6) to base 12
9a8
What is 536 (base 12) in base 6?
3310
Convert 585 (base 13) to base 4.
32322
What is 561 (base 7) in base 5?
2123
What is 554 (base 6) in base 5?
1324
13c3 (base 13) to base 14
1087
What is 41 (base 12) in base 9?
54
-240 (base 10) to base 3
-22220
What is -38b (base 15) in base 7?
-2231
Convert -791 (base 12) to base 5.
-13432
-8c (base 16) to base 3
-12012
123 (base 13) to base 6
530
Convert 10010100 (base 2) to base 9.
174
33312303 (base 4) to base 8
176663
What is 268e (base 16) in base 7?
40530
What is -1001100011 (base 2) in base 13?
-380
What is -41054 (base 6) in base 7?
-21562
Convert 554 (base 8) to base 10.
364
What is -1640d (base 14) in base 8?
-154575
What is -10a5 (base 16) in base 9?
-5754
Convert -1b9 (base 12) to base 10.
-285
Convert -31300 (base 6) to base 7.
-15165
What is 1802 (base 10) in base 7?
5153
What is -1222212 (base 4) in base 2?
-1101010100110
Convert 28313 (base 9) to base 13.
8988
Convert -133001 (base 4) to base 5.
-30420
What is -20554 (base 6) in base 11?
-2121
Convert 2a73 (base 13) to base 11.
4707
Convert 424 (base 5) to base 16.
72
Convert -111101002 (base 3) to base 14.
-37a5
What is -4590 (base 12) in base 6?
-55500
1111000100111 (base 2) to base 6
55423
Convert 5ab (base 13) to base 7.
2606
Convert -4474 (base 9) to base 2.
-110011101011
210122101 (base 3) to base 16
3da2
-10a66 (base 12) to base 2
-101011011101110
What is 22d (base 15) in base 5?
3433
What is 1814 (base 9) in base 16?
56e
-1544 (base 13) to base 14
-11b4
Convert 230254 (base 7) to base 14.
10cd4
8676 (base 12) to base 5
433103
What is 15c (base 16) in base 7?
1005
-2121 (base 5) to base 14
-166
What is 10001110001011 (base 2) in base 10?
9099
-52d (base 16) to base 6
-10045
Convert -1923 (base 12) to base 4.
-233223
68 (base 10) to base 6
152
What is -382 (base 16) in base 12?
-62a
-3029 (base 11) to base 16
-fb8
What is 4358 (base 9) in base 8?
6214
What is -2430 (base 7) in base 8?
-1607
Convert a79f (base 16) to base 4.
22132133
What is -c54 (base 15) in base 2?
-101011011011
436 (base 16) to base 8
2066
Convert -65 (base 12) to base 9.
-85
1298 (base 10) to base 16
512
What is -21022211 (base 3) in base 5?
-132331
Convert 17263 (base 8) to base 12.
466b
-1110022 (base 3) to base 15
-4ab
-13232 (base 4) to base 11
-40a
Convert -10011010 (base 2) to base 12.
-10a
-1101001010 (base 2) to base 4
-31022
452 (base 15) to base 2
1111010001
Convert 112102 (base 4) to base 8.
2622
What is -10464 (base 7) in base 8?
-5123
What is 9199 (base 11) in base 5?
342313
1043222 (base 5) to base 7
105055
What is 2254 (base 14) in base 7?
23234
What is 655 (base 8) in base 16?
1ad
-203312 (base 5) to base 13
-308c
240111 (base 6) to base 8
50453
-14320 (base 5) to base 12
-84a
Convert -51033 (base 7) to base 10.
-12372
What is -2014 (base 14) in base 12?
-322a
Convert -142c (base 15) to base 3.
-12220220
-3a1 (base 14) to base 10
-729
Convert 6458 (base 14) to base 10.
17326
-863 (base 16) to base 10
-2147
What is 8375 (base 10) in base 4?
2002313
-126 (base 16) to base 9
-356
34230 (base 5) to base 12
14b4
What is 834 (base 9) in base 16?
2a7
245 (base 11) to base 7
564
-102123 (base 4) to base 13
-6c9
What is 3952 (base 11) in base 3?
21001100
-1773 (base 13) to base 15
-1069
What is 3203320 (base 4) in base 12?
8534
Convert 68b4 (base 12) to base 7.
45661
Convert -743 (base 9) to base 10.
-606
Convert 130 (base 5) to base 10.
40
-2101000 (base 3) to base 14
-8b6
-212122 (base 4) to base 16
-99a
10230 (base 4) to base 3
102010
What is 1611 (base 8) in base 14?
489
What is -520 (base 12) in base 11?
-617
What is -9338 (base 13) in base 14?
-759d
-11714 (base 12) to base 16
-5bc0
What is -1000001001110111 (base 2) in base 6?
-414343
Convert 568 (base 11) to base 2.
1010100111
6e7 (base 15) to base 9
2131
-1d7 (base 14) to base 7
-1060
-110001110001101 (base 2) to base 10
-25485
What is 121012121 (base 3) in base 5?
334230
Convert -815 (base 15) to base 16.
-71c
Convert -895a (base 11) to base 7.
-46260
174 (base 8) to base 2
1111100
What is -5564 (base 7) in base 2?
-11111010110
e012 (base 15) to base 8
134243
-246 (base 8) to base 3
-20011
Convert 361 (base 11) to base 8.
656
-1335 (base 7) to base 16
-204
What is -1647 (base 8) in base 14?
-4ab
3221010 (base 4) to base 9
22413
2ae (base 16) to base 10
686
-21200002 (base 3) to base 8
-12727
-6b0 (base 13) to base 10
-1157
What is 315 (base 14) in base 2?
1001011111
-1a915 (base 13) to base 15
-10665
Convert 203503 (base 6) to base 3.
211110210
Convert 142250 (base 6) to base 7.
54225
-110111111100 (base 2) to base 10
-3580
What is -1ef (base 16) in base 12?
-353
Convert -11443 (base 5) to base 4.
-31221
Convert 625 (base 12) to base 15.
3e8
-506 (base 15) to base 2
-10001101011
Convert -8439 (base 13) to base 9.
-27083
Convert 75036 (base 9) to base 2.
1100000111000101
What is -5192 (base 13) in base 14?
-4173
What is 22211 (base 3) in base 10?
238
What is -4121 (base 7) in base 11?
-1096
-1648b (base 12) to base 9
-47538
Convert 401144 (base 5) to base 6.
134402
2151 (base 8) to base 3
1112211
What is -247 (base 9) in base 12?
-151
Convert 25413 (base 6) to base 13.
1983
-23112210 (base 4) to base 3
-2100210020
Convert 65121 (base 7) to base 10.
16185
Convert -640 (base 10) to base 13.
-3a3
Convert -41ce (base 16) to base 4.
-10013032
What is 8b (base 16) in base 8?
213
Convert 4b2 (base 14) to base 3.
1021211
What is 1111010001010 (base 2) in base 16?
1e8a
What is 565 (base 10) in base 12?
3b1
-20b0 (base 12) to base 16
-e04
-1820 (base 11) to base 14
-bbb
-765 (base 14) to base 11
-1109
Convert 73 (base 10) to base 12.
61
10011141 (base 5) to base 14
20a93
What is -82 (base 14) in base 11?
-a4
Convert 5546 (base 10) to base 5.
134141
What is -68144 (base 9) in base 10?
-45319
-6324 (base 9) to base 7
-16345
Convert 559 (base 10) to base 7.
1426
1211011 (base 3) to base 10
1327
44 (base 5) to base 4
120
Convert -463c (base 15) to base 4.
-3220323
Convert 122022122 (base 3) to base 13.
5993
Convert -526b (base 14) to base 3.
-201111012
Convert -513 (base 13) to base 3.
-1011220
What is -17c3 (base 15) in base 5?
-131013
Convert 1322 (base 7) to base 14.
282
32101 (base 4) to base 2
1110010001
-2287 (base 11) to base 16
-bb7
Convert -126